False
Is 3605556371 prime?
True
Is 33163237 prime?
True
Is 1131016331 a prime number?
False
Is 10457170553 a prime number?
True
Is 195849187 a prime number?
True
Is 5801957979 prime?
False
Is 46222388939 composite?
True
Is 11430389486 composite?
True
Is 1441940503 a prime number?
True
Is 1148829439 composite?
False
Is 6064739501 a prime number?
True
Is 3275014517 composite?
True
Is 19804540039 prime?
True
Is 198183551 prime?
False
Is 1220788661 prime?
True
Is 170976217 composite?
False
Is 4576860647 composite?
True
Is 255567134 prime?
False
Is 647540381 a prime number?
False
Is 12026098417 a prime number?
True
Is 249164446441 composite?
True
Is 308805433129 a prime number?
True
Is 603263359 prime?
False
Is 202552583861 a prime number?
True
Is 1831459865 a composite number?
True
Is 210614001101 prime?
False
Is 56316784127 prime?
False
Is 138424183 prime?
False
Is 70135067 a prime number?
True
Is 107793305657 a composite number?
True
Is 65436363989 a prime number?
True
Is 584116301 a composite number?
False
Is 3202064902 prime?
False
Is 2254608991 prime?
False
Is 3514029334 a prime number?
False
Is 1332284539 prime?
True
Is 36155258371 prime?
True
Is 14324318581 composite?
False
Is 5000724977 prime?
True
Is 31546468397 prime?
False
Is 13461127469 prime?
False
Is 124119865 composite?
True
Is 2573748731 prime?
True
Is 1324872559 composite?
True
Is 296868623 a prime number?
False
Is 118620419 a prime number?
True
Is 1574241007 a composite number?
True
Is 67170919 composite?
True
Is 103727201 composite?
True
Is 66465370607 a composite number?
False
Is 2435359673 composite?
False
Is 3645027169 a prime number?
False
Is 1900944767 a composite number?
True
Is 44983382087 a composite number?
True
Is 26178474887 prime?
True
Is 2737208251 composite?
False
Is 2852503267 prime?
False
Is 1613783819 prime?
True
Is 64207722863 composite?
True
Is 2836880807 composite?
False
Is 4180135231 a prime number?
True
Is 542484359 a composite number?
False
Is 71099283007 prime?
False
Is 14638830397 a prime number?
False
Is 308755121 composite?
True
Is 123790721707 a composite number?
False
Is 1611401765 a composite number?
True
Is 1950820369 a prime number?
False
Is 46591763 a prime number?
True
Is 3739341581 prime?
True
Is 22618846969 composite?
False
Is 11994885391 composite?
False
Is 1305970927 a prime number?
True
Is 3727973429 composite?
False
Is 98206714321 a prime number?
True
Is 8985801151 composite?
True
Is 82855907093 a prime number?
True
Is 29383771 composite?
True
Is 590926802 a prime number?
False
Is 7031286377 a prime number?
False
Is 44181876587 prime?
True
Is 1709852203 prime?
True
Is 806802761 a composite number?
False
Is 172764881 prime?
True
Is 3202570363 prime?
True
Is 34374156959 a composite number?
False
Is 3497507527 a prime number?
True
Is 31427483911 prime?
False
Is 554847927 prime?
False
Is 2649315943 a prime number?
False
Is 31948748761 a prime number?
True
Is 40351170347 a composite number?
False
Is 43573263283 a composite number?
True
Is 107700245 prime?
False
Is 4225613197 a prime number?
False
Is 3703990567 prime?
True
Is 15682561177 a prime number?
True
Is 14106304399 prime?
False
Is 1778776163 prime?
False
Is 444534450487 a prime number?
True
Is 1379919283 a composite number?
False
Is 685360241 composite?
False
Is 1500680179 a composite number?
False
Is 2655814078 a prime number?
False
Is 1008235885 prime?
False
Is 5875155109 prime?
True
Is 1534485047 prime?
True
Is 110410901731 composite?
True
Is 929035633 prime?
False
Is 2306726329 a prime number?
False
Is 603745301 prime?
False
Is 15836819527 prime?
False
Is 6883587983 composite?
False
Is 5753212753 composite?
False
Is 41801312209 composite?
False
Is 1252146127 a composite number?
True
Is 3915041953 composite?
True
Is 40621972871 composite?
False
Is 53787584731 a prime number?
True
Is 4000596437 prime?
True
Is 11781169121 a prime number?
True
Is 3096663751 a prime number?
True
Is 503404813 composite?
True
Is 64220242543 a prime number?
False
Is 22707700217 composite?
False
Is 139694199449 prime?
False
Is 186248869259 prime?
True
Is 16714969 prime?
False
Is 860416237 prime?
False
Is 1210995113 a composite number?
False
Is 298423591 a prime number?
True
Is 121413060643 prime?
False
Is 2205814201 composite?
False
Is 5817867179 composite?
True
Is 36502027 a prime number?
False
Is 830578871 a prime number?
True
Is 39021842213 prime?
True
Is 21235572847 composite?
False
Is 7290911497 prime?
False
Is 36107789633 composite?
False
Is 2249887493 a prime number?
False
Is 391518767 a prime number?
True
Is 3401038619 prime?
False
Is 29168220787 composite?
True
Is 2106295453 prime?
True
Is 472162219 a composite number?
False
Is 3251222009 composite?
True
Is 66429532361 composite?
False
Is 32113615543 a composite number?
False
Is 39382917941 a prime number?
True
Is 2356854191 a composite number?
True
Is 11027330383 a prime number?
True
Is 110632999 prime?
False
Is 6095999191 a prime number?
False
Is 763047937 a composite number?
False
Is 149832539 a composite number?
True
Is 20758348379 prime?
True
Is 580796666 a composite number?
True
Is 36932994319 a prime number?
False
Is 2077863061 prime?
False
Is 1373094343 a prime number?
True
Is 9881334137 a composite number?
False
Is 43409731457 a composite number?
False
Is 109491793289 prime?
False
Is 192980792227 prime?
True
Is 9733292227 composite?
False
Is 7543298831 a prime number?
True
Is 33803465 prime?
False
Is 891344803 prime?
True
Is 1217611691 a composite number?
False
Is 180530953 a composite number?
False
Is 3305814793 a composite number?
False
Is 2270394497 a composite number?
True
Is 3075038191 composite?
True
Is 496432169 a composite number?
True
Is 2172819911 prime?
True
Is 507806209 a composite number?
False
Is 5163622957 composite?
False
Is 41912189939 a prime number?
True
Is 102915367 a prime number?
False
Is 17034592951 a prime number?
True
Is 1418846089 a composite number?
True
Is 387517171 a composite number?
True
Is 19566865973 a composite number?
False
Is 17314891669 a prime number?
False
Is 3766364443 prime?
True
Is 2320273691 composite?
True
Is 25617547 prime?
True
Is 5368584857 a prime number?
True
Is 1108522631 a prime number?
True
Is 7771865131 a composite number?
False
Is 544762817 a composite number?
True
Is 1059629249 a prime number?
False
Is 27963537229 a composite number?
True
Is 35149825643 a composite number?
False
Is 117807427981 prime?
True
Is 1632657097 a prime number?
True
Is 51169801 a prime number?
False
Is 1488880567 a composite number?
True
Is 17360814019 a composite number?
True
Is 313160649 a composite number?
True
Is 1085176289 a composite number?
False
Is 10880599663 a composite number?
False
Is 12598282783 a composite number?
False
Is 3400111363 a composite number?
True
Is 3071633113 composite?
False
Is 79501902101 composite?
False
Is 2895151369 prime?
False
Is 177618449413 a composite number?
False
Is 1073278691 a prime number?
True
Is 121107812443 prime?
False
Is 1587948073 a composite number?
False
Is 154833431 prime?
True
Is 4402178842 composite?
True
Is 1179917239 a composite number?
False
Is 10165682203 a composite number?
False
Is 5058563053 prime?
True
Is 2975139227 composite?
False
Is 1282841279 composite?
True
Is 17157659726 composite?
True
Is 2948775938 a composite number?
True
Is 87930689017 composite?
True
Is 9799468033 composite?
True
Is 5233261883 a prime number?
True
Is 1023269531 a composite number?
False
Is 248368423 a prime number?
False
Is 48321915943 a composite number?
True
Is 8570580191 composite?
False
Is 29520233359 a prime number?
False
Is 63541233993 a composite number?
True
Is 1916077517 prime?
False
Is 2500595519 prime?
True
Is 11800071763 a prime number?
False
Is 145438071677 composite?
True
Is 677064733 prime?
False
Is 145760471 a composite number?
False
Is 71368223 a prime number?
True
Is 492724067 composite?
True
Is 1516121231 a prime number?
False
Is 20169086363 a prime number?
True
Is 1387952927 a composite number?
False
Is 15142751999 a composite number?
False
Is 806622367 prime?
False
Is 45963374 composite?
True
Is 4005139381 a prime number?
True
Is 1539906197 composite?
False
Is 31137418063 a composite number?
True
Is 2040474671 composite?
False
Is 742396117 composite?